-24
4
What is the value of 67 + -57 + (-4 - 1)?
5
Evaluate (-7 + 0 - -1) + 6.
0
What is 1 + 5 + -4 + -4?
-2
Calculate -2 - 0 - (-4 - -4).
-2
Calculate 3 - 1 - (-2 - -1).
3
Calculate (-3 - (2 - 2)) + (7 - 5).
-1
Calculate 2 + -3 - (16 + -6 - 15).
4
What is the value of 6 + (0 + -3 - 2)?
1
What is -11 + 9 + (0 - 2)?
-4
2 - ((-14 - -11) + 2)
3
-1 - (-7 - (-11 - -9))
4
What is the value of 6 - (-6 + 7 + 20 + -7)?
-8
What is the value of 4 - ((0 - -2) + -3 + 7)?
-2
Calculate (-1 - -1) + -8 + 3.
-5
Evaluate 2 - 7 - (-42 - -37).
0
What is the value of -39 + 40 - (0 + 4)?
-3
Evaluate 25 + -24 - (-4 - 1) - 11.
-5
What is the value of 4 - (-2 - (-1 - 2))?
3
-9 + 12 + -5 + 5
3
What is the value of -10 + 7 + 2 + 3?
2
What is the value of 0 + 1 + -2 + 3 - 2?
0
Calculate (1 + -5 - -2) + 2 + 0.
0
Evaluate 3 - (3 + -8 + 4).
4
Calculate 5 + ((1 - -1) + -4 - 1).
2
What is (3 - 10) + -2 + 4 + 2?
-3
Calculate -9 + 1 + (4 - -13 - 12).
-3
Calculate -2 + -1 + 7 + 8 + -8.
4
Evaluate 4 + (-3 - -1) + -3.
-1
-7 + 6 + 1 - (1 - 1)
0
-5 - (-9 + 5 - 0) - -4
3
Evaluate -3 + (3 - 2) - 2 - -3.
-1
-12 + (-3 - -2) + 5
-8
What is the value of -6 + -8 + 7 + (0 - 0)?
-7
Calculate -1 + 1 + -10 + -2 + 14.
2
6 + (-3 - 13) + 6
-4
What is 4 - (8 + (-7 - 4)) - 10?
-3
Evaluate 4 + (3 - 4) + -7 + 4.
0
What is 68 + -77 - ((0 - 1) + -4)?
-4
Calculate 3 + -4 + (-3 - -5).
1
Calculate (2 - 1) + 0 + 6 + -1.
6
Evaluate 13 - (1 - (-6 - -1)).
7
Evaluate -5 + (6 - (4 + -5 + 5)).
-3
Evaluate (-4 - -1) + -2 + -4 - -4.
-5
-4 - (1 - -1 - (-15 + 16))
-5
Evaluate -4 + (5 - -2) - 4.
-1
What is the value of -2 - (-1 - (3 + (-11 - -4)))?
-5
Calculate -1 + 6 - (5 - (0 - -5)).
5
What is 5 + (1 + 2 + -5 - 0)?
3
Calculate 1 + -3 + 6 + -2 - 0.
2
Calculate -4 + (-4 - -4) + -2 + 2.
-4
0 + -8 + -72 + 79
-1
Calculate -14 - -11 - (-2 - 0) - 4.
-5
-1 + -6 + 2 - (1 + -2)
-4
What is the value of 2 + -5 + 12 + -6 + -2?
1
What is the value of -7 - -1 - ((2 - 6) + 1)?
-3
What is the value of 0 + -1 - (-8 + 7) - -2?
2
Evaluate 0 + -2 - (13 - 9).
-6
Calculate (4 - 3 - 2) + 3.
2
What is -2 - (-3 - (3 + -5)) - -2?
1
What is -2 - (-7 + -3 + -4 - -5)?
7
Calculate -1 + -9 + 13 + -15 + 10.
-2
What is 3 + -2 + 2 + -7 + 4?
0
-3 + 4 + (-4 - 1) - 1
-5
Evaluate 5 + (-3 - ((-4 - -4) + 0)).
2
Evaluate (-2 - 0) + (-13 - (-22 - -2)).
5
What is 1 - -6 - (15 - (-15 + 19))?
-4
What is the value of 1 + 1 + (-2 - 0) + -1?
-1
What is 19 + (-1 - 4) + -3?
11
-3 + -1 + 3 - (-83 - -80)
2
Evaluate 3 + -2 - (1 + (-1 - -3)).
-2
What is 10 - (15 - 7) - (1 - 1)?
2
What is the value of 9 - (1 + (5 - 5))?
8
Evaluate 9 + -1 - (-11 - -13).
6
What is 21 - 12 - 1 - (1 + 5)?
2
What is -12 - (-13 + 4 - (0 - 2))?
-5
Evaluate -2 + (-3 - (3 - 3)).
-5
What is the value of 3 - (-1 + -1 + -2 - -5)?
2
What is the value of 1 - (-2 - (-5 + (2 - 4)))?
-4
Calculate 9 + -14 - -5 - (-1 - -2).
-1
Calculate (6 - 1) + (5 - 11).
-1
What is the value of (6 - (5 + -3)) + -2?
2
Calculate 1 + 4 - 9 - -1.
-3
Evaluate 14 + (-3 - (-6 - -11)).
6
What is the value of 4 + -6 - ((-5 - -1) + 8)?
-6
What is -3 + (0 - (-10 + 5))?
2
Evaluate -14 - -9 - (-3 + -2).
0
Calculate (-7 + 7 - -3) + (-9 - -1).
-5
Evaluate (39 - 43) + 5 + 0 + 0.
1
What is (-2 + 0 + 2 - 7) + 2?
-5
What is the value of -5 + (1 - 1) + 0?
-5
(-6 - -4) + (-7 - -4)
-5
1 + 2 + 0 + 2 + -5
0
Evaluate -4 + (-6 + 0 - -15).
5
What is (0 - 5) + (0 - -10 - 9)?
-4
Evaluate (-5 - (1 + -3)) + 3.
0
-4 + 9 + 0 + -10
-5
7 + 1 + -3 + -11
-6
What is the value of 7 + -5 + -4 - 3?
-5
What is -2 - 2 - -2 - -2 - -3?
3
What is the value of 34 + -24 - (7 + 1)?
2
Evaluate -9 + (-7 - -9) - 4 - -3.
-8
Calculate (5 - (8 + -11)) + -5.
3
What is the value of (0 - -1) + 1 + -14 + 16?
4
What is the value of 6 + -4 - (-5 + 15 - 6)?
-2
What is -3 + 1 - -6 - 6?
-2
What is -3 + (-4 - -1 - (25 + -31))?
0
What is the value of (2 - 4 - 2) + (-18 - -21)?
-1
Calculate 0 + -8 + (0 - -3) + 2.
-3
Calculate 17 + -13 + (-2 - (3 + -3)).
2
What is 1 - (1 + (6 - 9))?
3
What is 0 + -1 - (6 - 10) - 1?
2
1 + -2 - (11 - 9)
-3
Evaluate 3 + (3 - (-7 - -8)).
5
What is -1 + -2 - -2 - 3?
-4
Calculate 5 + 8 + -20 + (-1 - -4).
-4
37 - 45 - (4 - 5)
-7
3 + 1 + (-7 - -4)
1
3 - 2 - (9 - 18)
10
Evaluate 2 + (1 + -3 - -5).
5
What is the value of -2 + 1 + (7 - -1)?
7
13 + -13 - (3 + -3 + 0)
0
1 + -1 + 10 + -14
-4
What is -4 - (-5 + -2) - 3?
0
Evaluate 0 + 0 - (-13 - -13).
0
Evaluate 1 + -1 + (0 - 4).
-4
Calculate -5 + (6 - 2 - 4).
-5
Evaluate (4 - 2) + -1 - (-5 + 10).
-4
What is -7 + (0 - 2) + 3 + 1?
-5
What is the value of -2 + (-5 - -3 - 1) - -1?
-4
2 - 2 - (-6 - (-4 - -1))
3
What is the value of 4 + (-2 - 10 - -6) + -5?
-7
Calculate -7 - -1 - (-14 + 3 + 4).
1
Evaluate -3 - (-1 + 1 + -4 + 0).
1
What is the value of 3 + 0 + (-65 - -60)?
-2
Evaluate -11 + 19 + -7 + (-6 - 1).
-6
-2 + -1 + 3 - (-3 - 0)
3
Calculate -1 - (18 - 11 - (4 + 0)).
-4
Calculate (4 + 0 - (-2 + 6)) + -1.
-1
7 - (4 - -5 - 6)
4
Calculate (-131 - -130) + -1 + 0 + -2.
-4
What is 4 + -3 + -2 + 0 + -1?
-2
What is the value of 0 + 0 - (11 + -22 + 12)?
-1
Evaluate (11 - 4) + 0 + -6.
1
Calculate -5 - -2 - 2 - (22 - 18).
-9
Evaluate -14 - (-7 + (-1 - 0)).
-6
Calculate (-6 - -2) + 3 + (-7 - -5).
-3
What is 40 - 34 - (1 + -1 + -1)?
7
What is the value of (-3 - (-2 + -2)) + -5?
-4
What is (1 - (-3 + 0) - -2) + -4?
2
-3 + 6 + -6 - (0 + -1)
-2
-1 + 79 + -87 + (5 - -1)
-3
Evaluate -9 + 6 - -9 - 5.
1
Evaluate (-3 - -7) + (6 - (13 - 3)).
0
What is the value of -3 + (1 - -3) - -3 - 4?
0
What is the value of (-6 - 7) + (11 - 5) + 12?
5
What is -2 - (3 + -7 - (-2 - -4))?
4
What is 1 - (0 + (4 - 6 - -1))?
2
6 + -2 + (-4 - 3) - -7
4
42 + -43 - (0 + 0 + 0)
-1
What is the value of (5 - 0) + -12 + 4 + 12?
9
12 + (-1 - 7) + -2 + 2
4
What is 3 + 1 + -4 - 0?
0
What is the value of 0 + (0 - -3 - -1 - -1)?
5
(0 - (1 - 7)) + -4
2
5 + -3 + -3 - -1
0
Evaluate -4 + (-2 - -10) + -4.
0
Evaluate 3 - 7 - -2 - 3.
-5
Calculate -2 + (-2 - -8) + 0.
4
Evaluate 3 + -1 + (-4 + 4 - 1).
1
What is the value of 5 + -3 + -1 + (1 - 0)?
2
What is the value of -3 - (2 + (3 - 8 - -1))?
-1
1 - -8 - -1 - 5
5
-3 + 2 + -1 + 2 + 1
1
What is -6 + -1 - (-10 - -20 - 16)?
-1
Calculate (-4 - -2) + (-9 - -8).
-3
(-7 - (0 + 1)) + 3
-5
Calculate (2 - -1) + (12 - 22).
-7
Calculate 5 - 11 - -2 - -2.
-2
Evaluate 5 + (4 - 6 - 2) - 3.
-2
-6 - (-5 - -1) - -4
2
-6 + (6 - 4) + (2 - -1)
-1
What is 4 + (2 - -1) + 0?
7
What is the value of 7 + -8 - (-12 - -11)?
0
What is the value of (-2 - (-3 - -3)) + 0 + 10?
8
Evaluate -3 - ((1 - 6) + (2 - 5)).
5
Calculate 0 - -2 - (6 - 16 - -16).
-4
Calculate 1 + -2 - (-4 - 2).
5
What is the value of -1 + (-3 - 0) + (-2 - -3)?
-3
What is the value of 0 - 2 - (-6 - -13) - -5?
-4
What is 4 - (11 - (9 - 4 - 2))?
-4
What is the value of 3 + -1 - 3 - 4?
-5
What is the value of (10 - -3) + -7 - 2?
4
-5 - (-1 + -10 + 0 - -1)
5
Evaluate -6 + 17 + -7 - 3.
1
What is (-4 - (-6 + 12)) + 7?
-3
Evaluate 7 - 3 - 4 - (-1 + 7).
-6
What is the value of -12 - -1 - (8 - 10) - -4?
-5
Calculate 0 - 6 - -3 - -9 - 4.
2
Evaluate (1 - -3) + -150 + 144.
-2
Evaluate 9 + -4 + -5 - -2.
2
What is -8 - (1 - (-3 + 7)) - -2?
-3
Calculate 4 + -3 + 2 - 6.
-3
Evaluate -4 + -2 - (-8 - -3).
-1
Calculate (7 - (-1 - 6)) + -6 + 0.
8
Calculate 2 - (9 + -2) - (106 + -106).
-5
-1 + 2 + -1 - 1
-1
What is the value of 10 + 0 - (1 - (-1 + -4))?
4
Evaluate 8 + (-11 - -2) - 7.
-8
Calculate (5 - 5) + 0 + -2.
-2
What is 10 - 9 - 0 - 2?
-1
What is the value of -5 + 0 + 2 - 0?
-3
Calculate 5 + (2 - 10) + -2.
-5
Calculate (-11 - -1) + (9 - -7 - 10).
-4
Evaluate 2 + -1 + 0 - (89 - 93).
5
-2 + -4 + 2 - -1 - -1
-2
Calculate (13 - 9) + 1 - 4.
1
Calculate -2 + 2 + -2 - (-4 - -6).
-4
Evaluate 9 - ((-3 - (-3 + -1)) + 4).
4
What is the value of (13 - 3) + -11 + -1?
-2
3 - 3 - (0 + 0 + -4)
4
(3 - (-6 - -2)) + -7 + -8
-8
Calculate -6 + 2 - (-8 - -2).
2
Evaluate -29 - -22 - (-4 + 1 - 0).
-4
What is the value of 5 - -1 - 3 - (-4 - -7)?
0
Evaluate 3 + -3 + -3 + 4.
1
Evaluate 2 + (-5 - 2) - 3 - -1.
-7
3 + -8 - (3 + -4)
-4
What is the value of 13 + -8 + (0 - 2)?
3
What is 8 - ((-3 - (-3 + -7)) + 1)?
0
4 + 2 + 1 - 4
3
(-22 - -13 - -13) + 3
7
Calculate (-13 + 7 - -10) + -5.
-1
What is the value of 2 - ((7 - 4) + -2 + 2)?
-1
-6 - (-1 - (7 + (-9 - -5)))
-2
Calculate (-4 + 4 - 2) + -1 + 4.
1
Calculate (-1 + -2 + 0 - -8) + -4.
1
E